{"id":908,"date":"2024-04-22T13:38:31","date_gmt":"2024-04-22T13:38:31","guid":{"rendered":"https:\/\/elekey.de\/?page_id=908"},"modified":"2025-05-19T13:28:51","modified_gmt":"2025-05-19T13:28:51","slug":"partnernetzwerk","status":"publish","type":"page","link":"https:\/\/elekey.de\/?page_id=908","title":{"rendered":"PARTNERNETZWERK"},"content":{"rendered":"<div  data-label=\"Overlappable\" data-id=\"overlappable--1\" data-export-id=\"overlappable-1\" data-category=\"overlappable\" class=\"overlappable-1 content-section content-section-spacing\" data-overlap=\"true\" id=\"overlappable-1\" style=\"background-color: rgb(255, 255, 255);\"><div  class=\"gridContainer\"> <div  data-type=\"row\" class=\"row shadow-medium\"><div  data-type=\"column\" class=\"col-xs-12 col-sm-4 flexcol col-padding col-padding-small-xs bg-color-white\">   <h4  class=\"\"><span  style=\"font-family: verdana, geneva, sans-serif; font-weight: 700;\">PARTNERNETZWERK<\/span><\/h4> <p  class=\"\"><span  style=\"font-family: verdana, geneva, sans-serif;\">Angesichts der gesetzlichen Anforderungen und der Notwendigkeit, auf alternative Antriebe umzusteigen, stehen Unternehmen vor Fragen zur Finanzierung, F\u00f6rderungen und den erforderlichen Investitionen.<\/span><\/p><p  class=\"\"><span  style=\"font-family: verdana, geneva, sans-serif;\">Bei ELEKEY verstehen wir diese Bedenken und haben mit unseren Partnern ein Netzwerk aufgebaut, um Unternehmen bei jedem Schritt zu unterst\u00fctzen.<\/span><\/p><\/div> <div  data-type=\"column\" class=\"col-xs-12 col-sm-4 flexcol col-padding col-padding-small-xs inverted bg-color-white\">  <h4  class=\"\">2 4<\/h4><p  class=\"\"><span  style=\"color: rgb(107, 124, 147); font-family: verdana, geneva, sans-serif;\">Der Prozess beginnt mit der \n<br >TCO-Analyse als Entscheidungsgrundlage, erstreckt sich \u00fcber die gesamte Planung und Umsetzung und Ver\u00f6ffentlichung der eigenen Ladepunkte f\u00fcr eine Nutzung durch den gew\u00fcnschten Nutzerkreis.&nbsp;<\/span><\/p><p  class=\"\"><span  style=\"font-family: verdana, geneva, sans-serif; color: rgb(107, 124, 147);\">Abschlie\u00dfend wird ein allgemein zug\u00e4ngliches Buchungssystem nahtlos in die Routenplanung integriert, um eine effiziente Nutzung zu erm\u00f6glichen.<\/span><\/p> <\/div> <div  data-type=\"column\" class=\"col-xs-12 col-sm-4 flexcol col-padding col-padding-small-xs inverted bg-color-white\">  <h4  class=\"\">1 4<\/h4><p  class=\"\"><span  style=\"color: rgb(107, 124, 147); font-family: verdana, geneva, sans-serif;\">Unser Partnernetzwerk unterst\u00fctzt Unternehmen nicht nur beim Umstieg auf Elektromobilit\u00e4t, sondern sorgt auch daf\u00fcr, dass ihre elektrifizierten Flotten langfristig effizient betrieben werden, durch ma\u00dfgeschneiderte L\u00f6sungen.&nbsp;<\/span><\/p> <p  class=\"\"><span  style=\"color: rgb(107, 124, 147); font-family: verdana, geneva, sans-serif;\">Werden Sie Teil unseres Partnernetzwerks und helfen Sie Unternehmen dabei, die Zukunft der Elektromobilit\u00e4t aktiv mitzugestalten und voranzutreiben.<\/span><\/p><\/div> <\/div><\/div> <\/div><!-- Created with Elementor --><!-- Created with Elementor --><!-- Created with Elementor --><!-- Created with Elementor --><!-- Created with Elementor --><div  data-label=\"Content\" data-id=\"content--1\" data-export-id=\"content-12\" data-category=\"content\" class=\"content-12 content-section content-section-spacing content-relative\" id=\"content-1\" style=\"background-size: cover; background-position: center top; background-image: none; background-color: rgb(255, 255, 255);\" data-section-ov=\"1\"><div  class=\"\">  <div  class=\"row center-xs middle-xs\"> <div  class=\"col-sm-9\" data-type=\"column\"> <div  data-editable=\"true\" data-name=\"ope-custom-content-shortcode\" data-content-shortcode=\"logocarousel id=&quot;2597&quot;\" class=\"\" style=\"position: relative; top: 0px; left: 0px;\"><style id=\"sp_lcp_dynamic_css2597\">div#logo-carousel-free-2597.logo-carousel-free .sp-lc-logo{border: 1px solid #dddddd;border-radius: 0px;overflow: hidden;}div#logo-carousel-free-2597.logo-carousel-free .sp-lc-logo:hover{border-color: #16a08b;}#logo-carousel-free-2597.sp-lc-container .sp-lc-pagination .swiper-pagination-bullet {background-color: #dddddd;margin: 0 4px;}#logo-carousel-free-2597.sp-lc-container .sp-lc-pagination .swiper-pagination-bullet.swiper-pagination-bullet-active{background-color: #16a08b; }@media only screen and (max-width: 576px) {#logo-carousel-free-2597.sp-lc-container .sp-lc-button-prev,#logo-carousel-free-2597.sp-lc-container .sp-lc-button-next {display: none;}} .logo-carousel-free-area#logo-carousel-free-2597{position: relative;}#lcp-preloader-2597{position: absolute;left: 0;top: 0;height: 100%;width: 100%;text-align: center;display: flex;align-items: center;justify-content: center;background: #fff;z-index: 9999;} .logo-carousel-free-area#logo-carousel-free-2597 .sp-logo-carousel-section-title{margin-bottom: 30px;}#logo-carousel-free-2597 .sp-lc-grid-container { justify-content: left; align-items: center; } #logo-carousel-free-2597 .swiper-wrapper .swiper-slide { align-self: center; }#logo-carousel-free-2597 .sp-lc-grid-container {margin-left: -4px;margin-right: -4px;width: calc( 100% + 8px);}#logo-carousel-free-2597 .sp-lc-grid-container [class*=\"lc-col\"] {padding-left: 4px;padding-right: 4px;padding-bottom: 8px;}@media screen and (min-width: 1200px ){.logo-carousel-free-area#logo-carousel-free-2597 .sp-logo-carousel:not([class*=\"-initialized\"]) > .swiper-wrapper {display: flex;width: calc( 100% + 8px );}.logo-carousel-free-area#logo-carousel-free-2597 .sp-logo-carousel:not([class*=\"-initialized\"]) > .swiper-wrapper > .swiper-slide {width: 20%;padding-right: 8px;}}<\/style>\n<div id='logo-carousel-free-2597' class=\"logo-carousel-free logo-carousel-free-area sp-lc-container\">\n\t\t\t<div id=\"lcp-preloader-2597\" class=\"sp-logo-carousel-preloader\"><img decoding=\"async\" src=\"https:\/\/elekey.de\/wp-content\/plugins\/logo-carousel-free\/admin\/assets\/images\/spinner.svg\" class=\"skip-lazy\" alt=\"Loader Image\"\/><\/div>\n\t\t\t<div id=\"sp-logo-carousel-id-2597\" class=\"swiper-container sp-logo-carousel  lcp-preloader\" dir=\"ltr\" data-carousel='{ \"speed\":600,\"spaceBetween\": 8, \"autoplay\": true, \"infinite\":true, \"autoplay_speed\": 3000, \"stop_onHover\": true, \"pagination\": true, \"navigation\": false, \"MobileNav\": false, \"MobilePagi\": true, \"simulateTouch\": true,\"freeMode\": false,\"swipeToSlide\": false, \"carousel_accessibility\": true,\"adaptiveHeight\": false,\"allowTouchMove\": true, \"slidesPerView\": { \"lg_desktop\": 5, \"desktop\": 4, \"tablet\": 3, \"mobile\": 1, \"mobile_landscape\": 2 } }' data-carousel-starts-onscreen=\"false\">\n\t\t<div class=\"swiper-wrapper\">\n\t\t\t\t<div class=\"swiper-slide\"><div class=\"sp-lc-logo\"><img fetchpriority=\"high\" decoding=\"async\" src=\"https:\/\/elekey.de\/wp-content\/uploads\/2025\/03\/Aluco-300x180.png\" title=\"\" alt=\"Aluco\" width=\"300\" height=\"180\" class=\"sp-lc-image\"><\/div><\/div>\n\t\t<div class=\"swiper-slide\"><div class=\"sp-lc-logo\"><img decoding=\"async\" src=\"https:\/\/elekey.de\/wp-content\/uploads\/2025\/03\/IO-Dynamics-300x180.png\" title=\"\" alt=\"IO Dynamics\" width=\"300\" height=\"180\" class=\"sp-lc-image\"><\/div><\/div>\n\t\t<div class=\"swiper-slide\"><div class=\"sp-lc-logo\"><img decoding=\"async\" src=\"https:\/\/elekey.de\/wp-content\/uploads\/2025\/03\/VanONGO-300x180.png\" title=\"\" alt=\"VanOnGo\" width=\"300\" height=\"180\" class=\"sp-lc-image\"><\/div><\/div>\n\t\t<div class=\"swiper-slide\"><div class=\"sp-lc-logo\"><img loading=\"lazy\" decoding=\"async\" src=\"https:\/\/elekey.de\/wp-content\/uploads\/2025\/03\/Slider-Website_Exolink-300x180.png\" title=\"\" alt=\"EXXOLINK\" width=\"300\" height=\"180\" class=\"sp-lc-image\"><\/div><\/div>\n\t\t<div class=\"swiper-slide\"><div class=\"sp-lc-logo\"><img loading=\"lazy\" decoding=\"async\" src=\"https:\/\/elekey.de\/wp-content\/uploads\/2025\/03\/Cfos-Website-300x180.png\" title=\"\" alt=\"CFos\" width=\"300\" height=\"180\" class=\"sp-lc-image\"><\/div><\/div>\n\t\t<div class=\"swiper-slide\"><div class=\"sp-lc-logo\"><img loading=\"lazy\" decoding=\"async\" src=\"https:\/\/elekey.de\/wp-content\/uploads\/2025\/03\/IE2S_Website-300x180.png\" title=\"\" alt=\"IESS\" width=\"300\" height=\"180\" class=\"sp-lc-image\"><\/div><\/div>\n\t\t<div class=\"swiper-slide\"><div class=\"sp-lc-logo\"><img loading=\"lazy\" decoding=\"async\" src=\"https:\/\/elekey.de\/wp-content\/uploads\/2025\/10\/Bildschirmfoto-2025-10-29-um-15.08.39-300x153.png\" title=\"\" alt=\"ENERGOWISE\" width=\"300\" height=\"153\" class=\"sp-lc-image\"><\/div><\/div>\n\t\t\t<\/div>\n\n\t\t\t\t\t<div class=\"sp-lc-pagination swiper-pagination dots\"><\/div>\n\t\t\t\t<\/div>\n<\/div>\n<\/div><\/div> <\/div><\/div> <\/div><div  data-label=\"Portfolio\" data-id=\"portfolio--1\" data-export-id=\"portfolio-5-mc\" data-category=\"portfolio\" class=\"portfolio-5-mc content-section content-section-spacing bg-color1 section-title-col-dark-text content-relative\" id=\"portfolio-1\" style=\"background-image: none; background-color: rgb(255, 255, 255);\"><div  class=\"gridContainer\"> <div  class=\"row text-center\"><div  class=\"section-title-col\" data-type=\"column\">   <\/div> <\/div> <div  class=\"row space-bottom spaced-cols\" data-type=\"row\"> <div  class=\"col-xs-12 col-sm-4 text-center\"> <div  class=\"card no-padding bordered\"> <div  data-hover-fx=\"portfolio-6\" class=\"contentswap-effect contentswap-overlay\" style=\"float: none; margin: 0; width: 100%;\"> <div  class=\"initial-image\" style=\"float: none; margin: 0;\"> <img  decoding=\"async\" data-size=\"500x333\" src=\"https:\/\/elekey.de\/wp-content\/uploads\/2025\/02\/cropped-signal-2025-02-18-192827.png\"><\/div> <div  class=\"overlay bg-color6\" style=\"display: block; transition: opacity 800ms ease 0s; -webkit-transition-timing-function: ease; -moz-transition-timing-function: ease; -o-transition-timing-function: ease; transition-timing-function: ease;\"><\/div> <div  class=\"swap-inner col-xs-12\" style=\"display: block; transition: all 800ms ease 0s; background-color: rgba(0,0,0,0); margin-top: 0;\"> <div  class=\"row full-height-row middle-xs middle-sm\"> <div  class=\"col-xs-12 text-center content-holder\"> <a class=\"button small color2\" href=\"https:\/\/www.h-ka.de\" target=\"_blank\" data-cp-link=\"1\" data-icon=\"\" rel=\"noopener\">Zum Partner<\/a><\/div> <\/div><\/div> <\/div> <div  class=\"col-xs-12\"> <div  class=\"space-bottom space-top\" data-type=\"column\"> <h5  class=\"\" style=\"text-align: left;\"><span  style=\"font-family: verdana, geneva, sans-serif; font-weight: 600;\">Hochschule Karlsruhe<\/span><\/h5> <p  class=\"\" style=\"text-align: left;\"><span  style=\"font-family: verdana, geneva, sans-serif;\">Die Hochschule Karlsruhe (HKA) ist mit 6300 Studierenden eine der gr\u00f6\u00dften Fachhochschulen in Baden-W\u00fcrttemberg. Sie bietet Studieng\u00e4nge in technischen, ingenieurwissenschaftlichen, Informatik- und Wirtschaftsf\u00e4chern.<\/span><\/p><p  class=\"\" style=\"text-align: left;\"><span  style=\"font-family: verdana, geneva, sans-serif;\">Die HKA ist forschungsstark, besonders in innovativen Mobilit\u00e4tskonzepten und regenerativen Energien, und pflegt weltweit 180 Partnerschaften.<\/span><\/p><\/div> <\/div><\/div> <\/div>  <div  class=\"col-xs-12 col-sm-4 text-center\"> <div  class=\"card no-padding bordered\"> <div  data-hover-fx=\"portfolio-6\" class=\"contentswap-effect contentswap-overlay\" style=\"float: none; margin: 0; width: 100%;\"> <div  class=\"initial-image\" style=\"float: none; margin: 0;\"> <img  decoding=\"async\" data-size=\"500x333\" src=\"https:\/\/elekey.de\/wp-content\/uploads\/2025\/04\/cropped-Vorlage-Website-Datix.png\"><\/div> <div  class=\"overlay bg-color6\" style=\"display: block; transition: opacity 800ms ease 0s; -webkit-transition-timing-function: ease; -moz-transition-timing-function: ease; -o-transition-timing-function: ease; transition-timing-function: ease;\"><\/div> <div  class=\"swap-inner col-xs-12\" style=\"display: block; transition: all 800ms ease 0s; background-color: rgba(0,0,0,0); margin-top: 0;\"> <div  class=\"row full-height-row middle-xs middle-sm\"> <div  class=\"col-xs-12 text-center content-holder\"> <a class=\"button small color2\" href=\"https:\/\/www.datix.de\" target=\"_blank\" data-cp-link=\"1\" data-icon=\"\" rel=\"noopener\">Zum Partner<\/a><\/div> <\/div><\/div> <\/div> <div  class=\"col-xs-12\"> <div  class=\"space-bottom space-top\" data-type=\"column\"> <h5  class=\"\" style=\"text-align: left;\"><span  style=\"font-family: verdana, geneva, sans-serif; font-weight: 600;\">Datix IT GmbH &amp; Co. KG<\/span><\/h5> <p  class=\"\" style=\"text-align: left;\"><span  style=\"font-family: verdana, geneva, sans-serif;\">Datix ist ein IT-Dienstleister aus Karlsruhe mit \u00fcber 20 Jahren Erfahrung in der Betreuung \u00f6ffentlicher Einrichtungen sowie mittelst\u00e4ndischer Unternehmen. Sie bieten ma\u00dfgeschneiderte IT-L\u00f6sungen f\u00fcr Netzwerke, Server und Software.<\/span><\/p><p  class=\"\" style=\"text-align: left;\"><span  style=\"font-family: verdana, geneva, sans-serif;\">Datix setzt Schwerpunkte in IT-Sicherheit, individueller Softwareentwicklung und praxisnaher Beratung und betreut Kunden in langfristigen Partnerschaften.<\/span><\/p><\/div> <\/div><\/div> <\/div><div  class=\"col-xs-12 col-sm-4 text-center\"> <div  class=\"card no-padding bordered\"> <div  data-hover-fx=\"portfolio-6\" class=\"contentswap-effect contentswap-overlay\" style=\"float: none; margin: 0; width: 100%;\"> <div  class=\"initial-image\" style=\"float: none; margin: 0;\"> <img  decoding=\"async\" data-size=\"500x333\" src=\"https:\/\/elekey.de\/wp-content\/uploads\/2025\/02\/cropped-LCS.png\"><\/div> <div  class=\"overlay bg-color6\" style=\"display: block; transition: opacity 800ms ease 0s; -webkit-transition-timing-function: ease; -moz-transition-timing-function: ease; -o-transition-timing-function: ease; transition-timing-function: ease;\"><\/div> <div  class=\"swap-inner col-xs-12\" style=\"display: block; transition: all 800ms ease 0s; background-color: rgba(0,0,0,0); margin-top: 0;\"> <div  class=\"row full-height-row middle-xs middle-sm\"> <div  class=\"col-xs-12 text-center content-holder\"> <a class=\"button small color2\" href=\"https:\/\/www.logistik-schwaben.de\" target=\"_blank\" data-cp-link=\"1\" data-icon=\"\" rel=\"noopener\">Zum Partner<\/a><\/div> <\/div><\/div> <\/div> <div  class=\"col-xs-12\"> <div  class=\"space-bottom space-top\" data-type=\"column\"> <h5  class=\"\" style=\"text-align: left;\"><span  style=\"font-family: verdana, geneva, sans-serif; font-weight: 600;\">Logistik-Cluster Schwaben&nbsp;<\/span><\/h5> <p  class=\"\" style=\"text-align: left;\"><span  style=\"font-family: verdana, geneva, sans-serif;\">Das Logistik-Cluster Schwaben (LCS) vernetzt Unternehmen in der Logistikbranche. Es f\u00f6rdert Wissenstransfer, Innovationen und Wettbewerbsf\u00e4higkeit durch Fachforen, Workshops und Kooperationen.<\/span><\/p><p  class=\"\" style=\"text-align: left;\"><span  style=\"font-family: verdana, geneva, sans-serif;\">Das LCS engagiert sich f\u00fcr die Interessen der Branche, setzt sich f\u00fcr nachhaltige Logistikl\u00f6sungen ein und st\u00e4rkt die regionale Wirtschaft.<\/span><\/p><\/div> <\/div><\/div> <\/div><div  class=\"col-xs-12 col-sm-4 text-center\"> <div  class=\"card no-padding bordered\"> <div  data-hover-fx=\"portfolio-6\" class=\"contentswap-effect contentswap-overlay\" style=\"float: none; margin: 0; width: 100%;\"> <div  class=\"initial-image\" style=\"float: none; margin: 0;\"> <img  decoding=\"async\" data-size=\"500x333\" src=\"https:\/\/elekey.de\/wp-content\/uploads\/2025\/02\/cropped-LOg-IT-1.png\"><\/div> <div  class=\"overlay bg-color6\" style=\"display: block; transition: opacity 800ms ease 0s; -webkit-transition-timing-function: ease; -moz-transition-timing-function: ease; -o-transition-timing-function: ease; transition-timing-function: ease;\"><\/div> <div  class=\"swap-inner col-xs-12\" style=\"display: block; transition: all 800ms ease 0s; background-color: rgba(0,0,0,0); margin-top: 0;\"> <div  class=\"row full-height-row middle-xs middle-sm\"> <div  class=\"col-xs-12 text-center content-holder\"> <a class=\"button small color2\" href=\"https:\/\/www.logit-club.de\" target=\"_self\" data-cp-link=\"1\" data-icon=\"\" rel=\"noopener\">Zum Partner<\/a><\/div> <\/div><\/div> <\/div> <div  class=\"col-xs-12\"> <div  class=\"space-bottom space-top\" data-type=\"column\"><h5  class=\"\" style=\"text-align: left;\"><span  id=\"_mce_caret\" data-mce-bogus=\"1\" data-mce-type=\"format-caret\"><span  style=\"font-family: verdana, geneva, sans-serif; font-weight: 600;\">\ufeffLOG-IT Club e.V.<\/span><\/span><\/h5><p  class=\"\" style=\"text-align: left;\"><span  style=\"font-family: verdana, geneva, sans-serif;\">Das Kompetenznetz Logistik.NRW wird vom LOG-IT Club e.V. und dem Verband Verkehrswirtschaft und Logistik NRW getragen. Ziel ist die B\u00fcndelung logistischer Kompetenzen und Unterst\u00fctzung des Strukturwandels.&nbsp;<\/span><\/p>  <p  class=\"\" style=\"text-align: left;\"><span  style=\"font-family: verdana, geneva, sans-serif;\">Gef\u00f6rdert vom Wirtschaftsministerium NRW, f\u00f6rdert das Netzwerk Innovation und Digitalisierung. Rund 400 Mitglieder engagieren sich bereits.<\/span><\/p><\/div> <\/div><\/div> <\/div><div  class=\"col-xs-12 col-sm-4 text-center\"> <div  class=\"card no-padding bordered\"> <div  data-hover-fx=\"portfolio-6\" class=\"contentswap-effect contentswap-overlay\" style=\"float: none; margin: 0; width: 100%;\"> <div  class=\"initial-image\" style=\"float: none; margin: 0;\"> <img  decoding=\"async\" data-size=\"500x333\" src=\"https:\/\/elekey.de\/wp-content\/uploads\/2025\/02\/cropped-signal-2025-02-18-195056.png\"><\/div> <div  class=\"overlay bg-color6\" style=\"display: block; transition: opacity 800ms ease 0s; -webkit-transition-timing-function: ease; -moz-transition-timing-function: ease; -o-transition-timing-function: ease; transition-timing-function: ease;\"><\/div> <div  class=\"swap-inner col-xs-12\" style=\"display: block; transition: all 800ms ease 0s; background-color: rgba(0,0,0,0); margin-top: 0;\"> <div  class=\"row full-height-row middle-xs middle-sm\"> <div  class=\"col-xs-12 text-center content-holder\"> <a class=\"button small color2\" href=\"https:\/\/www.c-na.de\" target=\"_self\" data-cp-link=\"1\" data-icon=\"\" rel=\"noopener\">Zum Partner<\/a><\/div> <\/div><\/div> <\/div> <div  class=\"col-xs-12\"> <div  class=\"space-bottom space-top\" data-type=\"column\"> <h5  class=\"\" style=\"text-align: left;\"><span  style=\"font-family: verdana, geneva, sans-serif; font-weight: 700;\">CNA e.V.<\/span><\/h5> <p  class=\"\" style=\"text-align: left;\"><span  style=\"font-family: verdana, geneva, sans-serif;\">Der CNA e.V. ist ein Netzwerk f\u00fcr Verkehr und Logistik mit \u00fcber 150 Mitgliedern aus Wirtschaft, Wissenschaft und Politik. Seit 1996 f\u00f6rdert es Innovationen und den Austausch zwischen den Akteuren der Branche.<\/span><\/p><p  class=\"\" style=\"text-align: left;\"><span  style=\"font-family: verdana, geneva, sans-serif;\">Der CNA e.V. st\u00e4rkt die Marktposition von Partnern durch F\u00f6rderung und Kooperationen in den Bereichen Technologie und nachhaltige Mobilit\u00e4t.<\/span><\/p><\/div> <\/div><\/div> <\/div><\/div> <div  class=\"row\"><div  data-type=\"column\" class=\"col-xs-12 text-center\"> <\/div> <\/div><\/div> <\/div><div  data-label=\"Content\" data-id=\"content--2\" data-export-id=\"content-15\" data-category=\"content\" class=\"content-15 content-section content-section-spacing\" id=\"content-2\" style=\"background-color: rgb(255, 255, 255);\"><div  class=\"gridContainer\"> <div  class=\"row middle-sm\"><div  class=\"col-sm-6 flexbox around-xs top-xs space-bottom-xs space-top-xs\"> <div  class=\"overlay-box flexbox middle-xs center-xs overlay-holder\"><div  class=\"overlay-box-offset offset-border shadow-medium border-color2 hide-xs\"><\/div> <img  decoding=\"async\" class=\"flexbox shadow-large img1\" data-size=\"500x500\" src=\"https:\/\/elekey.de\/wp-content\/uploads\/2025\/01\/cropped-Sim4.png\" title=\"cropped-Sim4.png\" alt=\"\"><\/div> <\/div> <div  class=\"col-sm-6\" data-type=\"column\">  <h4  class=\"\"><span  style=\"font-family: verdana, geneva, sans-serif; font-weight: 700;\">WERDEN SIE TEIL UNSERES PARTNERNETZWERKS<\/span><\/h4><p  class=\"\"><span  style=\"font-family: verdana, geneva, sans-serif;\">Werden Sie Teil unseres Netzwerks und gestalten Sie gemeinsam mit uns eine nachhaltige Zukunft der E-Mobilit\u00e4t durch innovative L\u00f6sungen.<\/span><\/p> <a class=\"button color1\" href=\"https:\/\/elekey.de?page_id=1008\" target=\"_self\" data-cp-link=\"1\" data-icon=\"\" rel=\"noopener\">Kontaktieren Sie uns<\/a><\/div> <\/div><\/div> <\/div>","protected":false},"excerpt":{"rendered":"<p>PARTNERNETZWERK Angesichts der gesetzlichen Anforderungen und der Notwendigkeit, auf alternative Antriebe umzusteigen, stehen Unternehmen vor Fragen zur Finanzierung, F\u00f6rderungen und den erforderlichen Investitionen.Bei ELEKEY verstehen wir diese Bedenken und haben mit unseren Partnern ein Netzwerk aufgebaut, um Unternehmen bei jedem Schritt zu unterst\u00fctzen. 2 4Der Prozess beginnt mit der TCO-Analyse als Entscheidungsgrundlage, erstreckt sich \u00fcber&hellip; <br \/> <a class=\"read-more\" href=\"https:\/\/elekey.de\/?post_type=sp_logo_carousel&#038;p=2822\">Read more<\/a><\/p>\n","protected":false},"author":1,"featured_media":0,"parent":0,"menu_order":0,"comment_status":"closed","ping_status":"closed","template":"pro\/page-templates\/full-width-page.php","meta":{"footnotes":""},"_links":{"self":[{"href":"https:\/\/elekey.de\/index.php?rest_route=\/wp\/v2\/pages\/908"}],"collection":[{"href":"https:\/\/elekey.de\/index.php?rest_route=\/wp\/v2\/pages"}],"about":[{"href":"https:\/\/elekey.de\/index.php?rest_route=\/wp\/v2\/types\/page"}],"author":[{"embeddable":true,"href":"https:\/\/elekey.de\/index.php?rest_route=\/wp\/v2\/users\/1"}],"replies":[{"embeddable":true,"href":"https:\/\/elekey.de\/index.php?rest_route=%2Fwp%2Fv2%2Fcomments&post=908"}],"version-history":[{"count":121,"href":"https:\/\/elekey.de\/index.php?rest_route=\/wp\/v2\/pages\/908\/revisions"}],"predecessor-version":[{"id":2663,"href":"https:\/\/elekey.de\/index.php?rest_route=\/wp\/v2\/pages\/908\/revisions\/2663"}],"wp:attachment":[{"href":"https:\/\/elekey.de\/index.php?rest_route=%2Fwp%2Fv2%2Fmedia&parent=908"}],"curies":[{"name":"wp","href":"https:\/\/api.w.org\/{rel}","templated":true}]}}